 = 0. List the prime factors of a.
2, 19
Suppose -5*o + 2*q + 18 = -o, -5*q + 10 = o. Suppose j + 0*y - 11 = -2*y, 5*y = o. List the prime factors of j.
3
Let b(l) = 14 + 10*l - 4 - 13 - 7. What are the prime factors of b(8)?
2, 5, 7
Let o(z) = 321*z - 193. List the prime factors of o(9).
2, 337
Let z be ((-21)/12)/((-6)/48). Suppose 0 = 3*y - z - 1, 2*l = 4*y - 10. What are the prime factors of l?
5
List the prime factors of (-41483)/(-13) - (-6)/6.
2, 3, 7, 19
Suppose -375*s = -367*s - 13216. List the prime factors of s.
2, 7, 59
Let t be 2/(-6) + 29/(-3). Let i = t - -12. Suppose 8 + 3 = 3*v - 5*s, 0 = -i*v + 2*s + 6. List the prime factors of v.
2
Let x be (-2 - -6)/2 + 0. Let s = 2 - x. Suppose s*u + 2 = a - 4*u, -2*a - 2*u + 4 = 0. What are the prime factors of a?
2
Let x(k) = -6*k**3 - 6 + 9*k**2 - 4*k - 4*k**2 - 8*k**2. List the prime factors of x(-2).
2, 19
List the prime factors of 9/27*15*(-662)/(-10).
331
Let v be -1*(-4)/(-6)*-24. Let j = -53 - 14. List the prime factors of (-12)/v + j/(-4).
2
Suppose -33*j = u - 29*j - 186, -5*u + 834 = -4*j. List the prime factors of u.
2, 5, 17
Let p(f) = -f**3 - 7*f**2 + 4. Let a be p(-7). Suppose a*g = c + 131, 2*g - 2*c = -2*g + 134. Suppose -4 = -2*q + g. What are the prime factors of q?
2, 3
Suppose b = -5*o - 22, b = 2*b + 3*o + 16. Let p(c) = c**3 + 7*c**2 + 8*c + 4. Let n be p(-5). Let f = n - b. What are the prime factors of f?
3, 7
Let z = -2107 - -4800. List the prime factors of z.
2693
Let w(j) = j. Let a be w(4). Let x(t) = -t**2 + 5*t + 4. Let v be x(a). List the prime factors of 222/v + 18/(-24).
3
Let n(g) = g**2 + 8*g. Let j be n(-9). Let z(s) = -s + 11. Let m be z(j). Suppose -m*f + 34 = 2*t, -f - 4*f + 101 = -3*t. List the prime factors of f.
19
Let x(f) = 281*f**2 - 29*f + 4. List the prime factors of x(2).
2, 5, 107
Let m(r) = 1. Let p(c) = -c - 1. Let d(y) = -3*m(y) + 3*p(y). Let l be d(-5). Suppose l*x = 10*x - 7. List the prime factors of x.
7
List the prime factors of 19/(-57)*1*-555.
5, 37
Suppose -4*h - 964 = -4088. What are the prime factors of h?
11, 71
Let l(g) = 117*g**2 - 4*g - 5. What are the prime factors of l(-3)?
2, 5, 53
Suppose 18110 = 15*l - 18115. What are the prime factors of l?
3, 5, 7, 23
Let y = 3 + 0. Suppose z = 3*p + 116, -y*p + 0*p + 110 = z. List the prime factors of z.
113
Let m be 14 + (1 - 3)*-1. Suppose -2*d - 9 + 41 = -5*p, m = 2*d - p. Let i(t) = t**3 - 4*t**2 - 8*t + 6. List the prime factors of i(d).
2, 3, 5
Let x(y) = 2*y**2 - 4*y - 11. Let r be x(7). Suppose -63*l + r*l + 352 = 0. What are the prime factors of l?
2, 11
Let t(n) = 2*n**2 + 10*n - 232. List the prime factors of t(19).
2, 5, 17
Let n = 1842 - 775. List the prime factors of n.
11, 97
Suppose 6 - 21 = -3*v. Let x(n) = -n**3 - 5*n**2 + 7*n - 6. Let h be x(-8). Suppose v*r - 5*t = h, 2*r - 73 = t - 16. List the prime factors of r.
31
Let x be (3/(-9))/((-1)/18). Suppose 0 = -2*a + x, 5*y + 6*a - 440 = a. What are the prime factors of y?
5, 17
Suppose 0 = 5*r - 10, 2*z + 3*r - 8 = r. Suppose 11 + 19 = z*c. List the prime factors of c.
3, 5
What are the prime factors of 7 - 35/5 - -194?
2, 97
Let l = 0 + 2. Let u(p) be the third derivative of p**6/120 + p**5/15 - p**4/8 + p**3/6 + 4*p**2. What are the prime factors of u(l)?
19
Let p(u) = 3*u**2 - u + 4. Let r be p(-6). Let d = r - 77. List the prime factors of d.
41
Let u(r) = -2*r**3 - 23*r**2 - 35*r + 4. What are the prime factors of u(-15)?
2, 263
Let j(d) = 117*d - 12. List the prime factors of j(5).
3, 191
Suppose -14337 = -19*v + 21288. What are the prime factors of v?
3, 5
List the prime factors of 4 + (-5558)/(-2 + -5).
2, 3, 7, 19
Let b(g) = -15*g**2 + 7*g + 1 + 14*g**2 - 1. Let c be b(5). List the prime factors of (6/c)/((-2)/(-70)).
3, 7
Suppose 4*m - 5*o = 170, 5*m - 18*o = -14*o + 217. What are the prime factors of m?
3, 5
Let f(r) = r**3 - 2*r + 1. Let h be f(2). Suppose 0 = -p - 1, -2*p + 3*p + 1006 = h*m. What are the prime factors of m?
3, 67
Let g be (1/3)/(2/18). Suppose g*u + u = -5*t - 93, 5*t - 4*u + 77 = 0. Let s = -6 - t. What are the prime factors of s?
11
Let s(o) = -o**2 - 11*o + 17. Let b be s(-12). Suppose -2*h = -b*u + 3*h + 410, -h = -3*u + 242. What are the prime factors of u?
2, 5
Let w(n) = 113*n + 6. Let j be w(-6). Let z(c) = 13*c + 14. Let f be z(0). What are the prime factors of 4/f - j/49?
2, 7
Let k(t) = -86*t + 301. What are the prime factors of k(-18)?
43
Let h(s) = 16*s - 1. Let n be h(1). Suppose 2*d + d + n = 0. Let x(l) = -l + 7. List the prime factors of x(d).
2, 3
What are the prime factors of (-1620)/((-3)/(5 - 2)) + -4?
2, 101
Let g = 10586 + -7274. List the prime factors of g.
2, 3, 23
Suppose 3*y - 10 = y - 2*x, 3*y + 9 = 5*x. Suppose 0 = 2*m + y*m - 24. Suppose o = 2*o - m. List the prime factors of o.
2, 3
Let h(j) = -3*j + 9. Let a(c) = 4*c - 9. Let o(v) = -2*a(v) - 3*h(v). Let r = 29 + -18. List the prime factors of o(r).
2
Let j = 123 + -57. Suppose 3*b = 4*x - 238, -b - j = -x + 3*b. List the prime factors of x.
2, 29
Suppose -3*p + 2501 + 1412 = -5*z, -4*p + 5*z = -5214. List the prime factors of p.
1301
Let j = -134 - -93. Let t = -96 + 167. Let k = t + j. What are the prime factors of k?
2, 3, 5
Let b(q) = -4*q**3 + q**2 - q - 1. Let m be b(-1). Let d be 3*3/(9/m). Suppose -d*v + 43 = -87. What are the prime factors of v?
2, 13
Suppose 3*n - 5*n - 2 = 0. Let p(i) = 47*i**2 - i - 2. List the prime factors of p(n).
2, 23
Suppose -4*d + 8241 = -5*x, -2*d - 5*x - 6177 = -5*d. What are the prime factors of d?
2, 3, 43
Let q(i) = -i**3 - 4*i**2 + 6*i - 6. Let c be q(-6). Let s be ((-24)/15)/((-4)/c). List the prime factors of ((-18)/(-54))/(2/s).
2
Let c be 1 + 0 + 68 + 4. Suppose -c = -2*i + 21. What are the prime factors of i?
47
Suppose w - 8184 = -10*w. List the prime factors of w.
2, 3, 31
Suppose 0*x + 32 = 4*x. Let g = x - 8. Suppose 2*a - 3 - 23 = g. What are the prime factors of a?
13
Let p = -2 + 6. Let y(n) = 2*n - 6. Let u be y(p). Suppose l = 5*a + 12, u*l + a + 3*a = 52. List the prime factors of l.
2, 11
Let n = 538 + 288. What are the prime factors of n?
2, 7, 59
Let r(b) = -2*b**3 - 2*b**2 + 2*b + 3. Let s be r(-2). Suppose 131 = 5*t + 1. Suppose t = n + s. What are the prime factors of n?
19
Suppose -5*y + 3*s = 4*s + 75, -5*s = 5*y + 75. Let k = 12 + y. What are the prime factors of -2 + 47/(-3)*k?
3, 5
Suppose -32 = -c - 2*s, 0 = 2*c - 5*s - 57 - 25. Suppose 5*t + 95 = 4*q, 0*q = -3*t - 4*q - 25. Let p = c + t. List the prime factors of p.
3, 7
Let s = -17 - -19. Suppose 0 = s*g - 2 - 2. Suppose n = p + p + 28, g*n - 83 = -5*p. List the prime factors of n.
2, 17
Let y(h) = h**3 - 3*h**2 + 2. Let l be y(3). Suppose -u = -l*o + 277, -o + 0*u = 3*u - 128. What are the prime factors of o?
137
Suppose -26*i + 4656 = -18*i. What are the prime factors of i?
2, 3, 97
Let u(l) = 7*l**2 + 21*l + 16. What are the prime factors of u(-7)?
2, 53
Let p(s) = s**2 + 5*s + 2. Let c be p(-2). Let i be 8 - c/10*-5. Suppose 4*w - i*w = -96. What are the prime factors of w?
2, 3
Suppose -4*i + 2835 = 3*n, -2*n + i = -4*n + 1890. What are the prime factors of n?
3, 5, 7
Suppose -5*v = 9 - 279. Let c = v + 28. What are the prime factors of c?
2, 41
Let k(n) = n**3 + 15*n**2 - 4*n - 10. Let l(p) = -p**3 + 7*p**2 + 9*p + 9. Let c be l(8). Let s = -32 + c. What are the prime factors of k(s)?
2, 5
Suppose 532 = 8*q - 1060. What are the prime factors of q?
199
Let r = 0 + -5. Let a(z) = 40*z + 17 - 21 - 49*z. List the prime factors of a(r).
41
Let w = 783 - 385. Let h = -229 + w. What are the prime factors of h?
13
Let g = 1997 - 527. List the prime factors of g.
2, 3, 5, 7
Let g = 458 + 250. List the prime factors of g.
2, 3, 59
Let s = -229 - -299. What are the prime factors of s?
2, 5, 7
Let c be ((-6)/(-4))/((-8)/32 + 1). List the prime factors of (555/(-6))/((-1)/c).
5, 37
Let i(l) = 7*l - 8*l + 0*l - 5 + 1. Suppose c = -7 - 3. What are the prime factors of i(c)?
2, 3
Suppose -20 = -u - 3*p, -4*p = -u - 3*p. List the prime factors of (-1 + 0 + u)*111/6.
2, 37
Suppose -5256 = -6*y + 1620. What are the prime factors of y?
2, 3, 191
List the prime factors of (-4)/(16575/(-8275) - (2 + -4)).
2, 331
Let a(v) = -v**2 - 3*v + 9. Let l be a(0). Suppose -x + 5*g = -182, 11*x = l*x -